
2, 19
Suppose 13*f - 285 = -6*f. List the prime factors of f.
3, 5
Let l(g) = -31*g + 43. List the prime factors of l(-14).
3, 53
Let p(j) = -3*j + 2. Let u(q) = -4*q + 3. Let n(k) = 3*p(k) - 4*u(k). Let y be n(6). What are the prime factors of ((-3)/6)/((-1)/y)?
2, 3
Let c = 11 + -7. Let m(j) = 37*j - 8. What are the prime factors of m(c)?
2, 5, 7
Let q(t) = -t**2 + 15*t + 20. Let d be q(16). Suppose 6 = b - d*b. List the prime factors of (-17 - 5)/(2/b).
2, 11
What are the prime factors of -4 + (-1 - -367) + -4?
2, 179
Let r = 531 - 238. List the prime factors of r.
293
What are the prime factors of (-3 - (-20)/8)/(2/(-768))?
2, 3
Suppose -41*j + 36*j + 1750 = 0. List the prime factors of j.
2, 5, 7
Let j be (-3)/(-6) + 1/(-2). Suppose -8 = 3*u - 2*u - 5*r, j = -2*u - 5*r + 29. What are the prime factors of u?
7
What are the prime factors of (124/186)/(6/21069)?
2341
Let t(j) be the second derivative of j**5/20 + 7*j**4/6 + j**2 + 5*j. Let x be t(-14). Let i = 3 + x. List the prime factors of i.
5
Suppose 5*x = -p + 12, 4*p + 6 = -4*x + 22. Suppose 4*q = -p*i + 438, 0*i + 3*i = -q + 642. List the prime factors of i.
3, 71
Let n(a) = 6*a**2 - 2*a - 1. Let j be n(-3). Suppose -q - 2*v = 6, -q - v = -2*v - 6. Suppose 0 = -q*y + j + 1. What are the prime factors of y?
2, 3, 5
Let k = 8 - 16. Let n(y) = 2*y**2 + 13*y + 14. List the prime factors of n(k).
2, 19
Suppose -4*o + 3*k + 2*k = -48, k + 48 = 4*o. List the prime factors of -3*(2032/o)/(-4).
127
Suppose 308 = -7*k - 798. Let i = k + 375. What are the prime factors of i?
7, 31
Let l = 114 - 29. Let n = l + 47. List the prime factors of n.
2, 3, 11
Let y(a) = -5 - 10*a - 24*a + 4 - 21*a. Let m be y(-1). Suppose -2*l - m = -4*g, -2*g = 2*g - 3*l - 53. What are the prime factors of g?
2, 7
Let v(t) = t**3 - 4*t**2 - 7*t + 4. Suppose 29 = 4*a - q, -2*a + 5*q = 3*a - 55. What are the prime factors of v(a)?
2, 17
Suppose 0 = -5*m + m. Let l be (-6 + m)/(-2 - 0). Suppose -119 = -5*x - 2*w, 3*w + 63 = l*x - 0*x. List the prime factors of x.
23
List the prime factors of (7 + 94/(-14))*1169.
2, 167
Let t be 6/(-3) + 5 + 0. List the prime factors of (1 - (t - 1))/(4/(-444)).
3, 37
Suppose 0 = 3*m - 5 + 20. List the prime factors of ((30 + 0)/(-3))/(2/m).
5
Let h = -13 - 1. Let z = 0 - 26. List the prime factors of (-828)/z + h/(-91).
2
Let h(y) = y**3 + 8*y**2 - 10*y - 3. Let n be -2 - -5 - (-18)/(-2). Let v be (-3)/n + 19/(-2). What are the prime factors of h(v)?
2, 3
Let q be 16 - 6*(-6)/(-9). Suppose -9*f - 396 = -q*f. What are the prime factors of f?
2, 3, 11
Let n(g) = 3*g**2 - 9*g - 3. List the prime factors of n(11).
3, 29
Let u be 1 + -1*(3 - -74). Let t = 114 + u. What are the prime factors of t?
2, 19
Let f = -203 - -470. What are the prime factors of f?
3, 89
Let k = 38 + -46. Let j(a) = a**2 - 1. What are the prime factors of j(k)?
3, 7
List the prime factors of (-32)/(-12)*-3 - -1140.
2, 283
Suppose 2*q + 2 = 3*q. Suppose -q - 12 = -2*b. What are the prime factors of b?
7
Suppose 7*d + 287 - 11249 = 0. What are the prime factors of d?
2, 3, 29
Let d = 5478 - 3320. What are the prime factors of d?
2, 13, 83
Let j(s) = 132*s**2 - 40*s - 15. What are the prime factors of j(7)?
6173
Let a be 3/(1 - 2)*1. What are the prime factors of 20/a*528/(-55)?
2
What are the prime factors of ((-216)/14)/((160/(-315))/16)?
2, 3
Let n = 151 - 243. Let i = -37 - 22. Let m = i - n. List the prime factors of m.
3, 11
Suppose -13340 + 4098 = -2*p - 3*i, 0 = 2*p - 3*i - 9254. What are the prime factors of p?
2, 17
Let i(m) be the first derivative of 2*m**3/3 + 6*m**2 + 10*m + 27. List the prime factors of i(-9).
2
Let s = 5 - -3. Let k = -4 + s. Suppose o + 4*r = k*o - 58, 68 = 4*o + 4*r. List the prime factors of o.
2, 3
Let z = -8 + 220. List the prime factors of z.
2, 53
Suppose b = -2*k - 2*b + 578, 0 = -3*k - 3*b + 873. What are the prime factors of k?
5, 59
What are the prime factors of -2 + (-2344)/(-2) + 2/(-2)?
7, 167
Let o(g) = 6*g**2 + 15*g + 10. What are the prime factors of o(7)?
409
Suppose -5*y + 172 = -38. Suppose -11*s = -15*s - 120. Let g = s + y. What are the prime factors of g?
2, 3
What are the prime factors of (3/(12/674))/((-6)/(-96))?
2, 337
Let t = -45 + 43. Let c(j) = 13*j**2 - 5*j - 10. List the prime factors of c(t).
2, 13
Suppose -16 + 6 = f. Let r(n) = -8*n + 10. What are the prime factors of r(f)?
2, 3, 5
Suppose -4*a + 2*a = -5*a. Suppose a = 3*i - 4*i + 2, 102 = 2*d - 5*i. List the prime factors of d.
2, 7
Suppose 4*n + 3 = 3*p + 2*p, 5*n = -10. List the prime factors of (p - -36) + (-1)/(-2)*8.
3, 13
Let n(h) = h**3 + 12*h**2 - h - 7. Let c be n(-12). Suppose -c*d - 7 = -2. List the prime factors of (-9)/(0 + d - 0).
3
List the prime factors of 18 + ((-12)/(-4) - -3).
2, 3
Let v = 813 - -186. List the prime factors of v.
3, 37
What are the prime factors of (-8840)/(-72) - (-2 + (-48)/(-27))?
3, 41
Let m(d) = 2*d**2 + d. Let z be m(-3). Let n = 15 - z. Suppose n = -5*g + 4*g + 24. What are the prime factors of g?
2, 3
Let v be 6*((-4)/2 - 8/(-6)). What are the prime factors of (-29)/116 + (-941)/v?
5, 47
Suppose -4*q - 64*o + 2764 = -60*o, -4*o + 1392 = 2*q. What are the prime factors of q?
2, 7
Let k(y) be the third derivative of -y**4/6 + 155*y**3/6 + 13*y**2. List the prime factors of k(0).
5, 31
Let n(v) = 69*v**2 + v. Let o(x) = 15*x - 18*x - 1 - 4. Let h be o(-2). List the prime factors of n(h).
2, 5, 7
List the prime factors of 2393/1 + 8/((-40)/25).
2, 3, 199
Let k(j) = j**2 + 18*j - 15. Let x be k(-19). Suppose 0 = x*c + 3*y - 2*y - 319, 4*c - 304 = -4*y. Let g = c - 41. What are the prime factors of g?
2, 5
Let m = -1079 - -1648. What are the prime factors of m?
569
Suppose 34*s - 1864 = 1094. List the prime factors of s.
3, 29
List the prime factors of (1532/(-12))/(1/(-9)).
3, 383
Suppose -2 = 2*d, -8*c + 3*c + 5*d + 5 = 0. Suppose c = -p, 2*q = -q - 5*p + 276. What are the prime factors of q?
2, 23
What are the prime factors of 439232/288 - 1/9?
5, 61
Let t = 19 + -80. Let g = t - -95. List the prime factors of g.
2, 17
Let v(x) = -68*x - 1. What are the prime factors of v(-5)?
3, 113
Let m(s) = 228*s + 51. List the prime factors of m(11).
3, 853
Suppose -c + 12 = 4*d, -2*d + 0*d + 20 = 4*c. Suppose -6*j = -44 + d. Suppose -j*m = -m - 390. List the prime factors of m.
5, 13
Let d = -370 + 524. What are the prime factors of d?
2, 7, 11
Let t(n) = n**3 - 5*n**2 - 6*n + 3. Let f be t(6). List the prime factors of (-22)/11*f/(-2).
3
Let f be (-1 - (-80)/3)/((-3)/(-18)). Suppose 6*z - f = -10. What are the prime factors of z?
2, 3
Let i(x) = 2*x - 8. Let j be ((0/(-4))/2)/3. Let a be i(j). Let l = a + 38. List the prime factors of l.
2, 3, 5
Let t = -152 + 227. Suppose -317 + t = -2*r + h, 20 = 5*h. What are the prime factors of r?
3, 41
Suppose 3*n - 884 = -6*h + 2*h, -4*h = n - 284. Suppose -4*z + 4*a = -n, z - 5*a = -z + 147. List the prime factors of z.
2, 19
Suppose 45*q = 2642 + 1543. What are the prime factors of q?
3, 31
Let y(z) be the first derivative of z - 1. Let b(m) = -8*m + 20. Let s(u) = -b(u) + 12*y(u). What are the prime factors of s(10)?
2, 3
Let x = 827 + -422. What are the prime factors of x?
3, 5
Suppose 0 = -23*s + 53748 + 6075. List the prime factors of s.
3, 17
Let v be (4 - -1 - 1)/(-1). Let j(o) = o + 1. Let k be j(v). What are the prime factors of k/(9/8)*-3?
2
Let i be 31/(-5) - 2/(-10). Let r(v) = 5 + 3*v - 11 - 10*v. What are the prime factors of r(i)?
2, 3
Let w(n) = -15*n - 7. Let z(g) = -6*g + 2. Let u be z(2). Let i be u + 12 + 1 + -6. List the prime factors of w(i).
2, 19
Suppose -5*m = 2*r + 51 - 15, 0 = 2*m + 4. Let c = 16 + r. Suppose -c*l + 81 = -t + 5*t, 0 = 3*t + 2*l - 61. What are the prime factors of t?
3, 7
Let v = 78 + 46. List the prime factors of v.
2, 31
What are the prime factors of ((-504)/(-15))/(-9*(-12)/1890)?
2, 3, 7
Let z be 6 + 4/((-12)/(-9)). Let k = z + 0. Suppose 5*o = 76 + k. List the prime factors of o.
17
Suppose -2*q - 20 = -6*z + z, 0 = -z. Let n = 11 + q. List the prime factors of ((-14)/(-8))/(n/8).
2, 7
Suppose 3*s + 1621 = 2*l, -2*l + 908 = 5*s - 721. List the prime factors of l.
2, 7, 29
Let r = 9540 - 5473. List the prime factors of r.
7, 83
Let j(d) = d - 10. Let t be j(8). Let r(q) = 7*q**2 +